{"id":2,"date":"2017-04-13T11:25:23","date_gmt":"2017-04-13T09:25:23","guid":{"rendered":"https:\/\/www.wendepunkt-freiburg.de\/content\/?page_id=2"},"modified":"2025-11-08T14:49:02","modified_gmt":"2025-11-08T13:49:02","slug":"news","status":"publish","type":"page","link":"https:\/\/www.wendepunkt-freiburg.de\/content\/top\/aktuell\/news\/","title":{"rendered":"News &#038; Veranstaltungen"},"content":{"rendered":"<p>[et_pb_section fb_built=&#8220;1&#8243; fullwidth=&#8220;on&#8220; _builder_version=&#8220;4.22.2&#8243; _module_preset=&#8220;default&#8220; global_colors_info=&#8220;{}&#8220;][et_pb_fullwidth_header title=&#8220;News &#038; Veranstaltungen&#8220; subhead=&#8220;Aktuelle Nachrichten \u00fcber unsere Arbeit&#8220; header_scroll_down=&#8220;on&#8220; _builder_version=&#8220;4.26.0&#8243; _module_preset=&#8220;default&#8220; title_font_size=&#8220;280%&#8220; subhead_font_size=&#8220;140%&#8220; background_image=&#8220;https:\/\/www.wendepunkt-freiburg.de\/content\/wp-content\/uploads\/2023\/10\/pexels-5631214-Kind-mit-Zeitung-100-files-1920&#215;1280-1.jpg&#8220; height=&#8220;60vh&#8220; custom_padding=&#8220;20vh||||false|false&#8220; text_shadow_style=&#8220;preset2&#8243; global_colors_info=&#8220;{}&#8220;][\/et_pb_fullwidth_header][\/et_pb_section][et_pb_section fb_built=&#8220;1&#8243; admin_label=&#8220;Sektion News&#8220; _builder_version=&#8220;4.20.4&#8243; _module_preset=&#8220;default&#8220; locked=&#8220;off&#8220; global_colors_info=&#8220;{}&#8220;][et_pb_row admin_label=&#8220;Zeile News&#8220; _builder_version=&#8220;4.20.4&#8243; _module_preset=&#8220;default&#8220; global_colors_info=&#8220;{}&#8220;][et_pb_column type=&#8220;4_4&#8243; _builder_version=&#8220;4.20.4&#8243; _module_preset=&#8220;default&#8220; global_colors_info=&#8220;{}&#8220;][et_pb_blog fullwidth=&#8220;off&#8220; posts_number=&#8220;12&#8243; include_categories=&#8220;1&#8243; meta_date=&#8220;d. F Y&#8220; excerpt_length=&#8220;150&#8243; show_more=&#8220;on&#8220; show_author=&#8220;off&#8220; show_categories=&#8220;off&#8220; admin_label=&#8220;News-Blog&#8220; _builder_version=&#8220;4.27.4&#8243; _module_preset=&#8220;default&#8220; meta_font=&#8220;|||on|||||&#8220; meta_text_color=&#8220;#aaaaaa&#8220; meta_font_size=&#8220;80%&#8220; read_more_font=&#8220;|700|||||||&#8220; read_more_text_color=&#8220;#68B022&#8243; read_more_line_height=&#8220;2.5em&#8220; hover_enabled=&#8220;0&#8243; border_radii=&#8220;on|20px|20px|20px|20px&#8220; border_color_all=&#8220;#68B022&#8243; saved_tabs=&#8220;all&#8220; global_colors_info=&#8220;{}&#8220; sticky_enabled=&#8220;0&#8243;][\/et_pb_blog][\/et_pb_column][\/et_pb_row][\/et_pb_section][et_pb_section fb_built=&#8220;1&#8243; disabled_on=&#8220;on|on|on&#8220; admin_label=&#8220;Headline Archiv Sektion&#8220; _builder_version=&#8220;4.16&#8243; background_color=&#8220;#7cda24&#8243; transparent_background=&#8220;off&#8220; make_fullwidth=&#8220;off&#8220; use_custom_width=&#8220;off&#8220; width_unit=&#8220;on&#8220; disabled=&#8220;on&#8220; global_colors_info=&#8220;{}&#8220;][et_pb_row admin_label=&#8220;Headline Archiv Zeile&#8220; _builder_version=&#8220;4.16&#8243; background_size=&#8220;initial&#8220; background_position=&#8220;top_left&#8220; background_repeat=&#8220;repeat&#8220; global_colors_info=&#8220;{}&#8220;][et_pb_column type=&#8220;4_4&#8243; _builder_version=&#8220;4.16&#8243; custom_padding=&#8220;|||&#8220; global_colors_info=&#8220;{}&#8220; custom_padding__hover=&#8220;|||&#8220;][et_pb_text admin_label=&#8220;Headline News Archiv&#8220; _builder_version=&#8220;4.20.4&#8243; background_size=&#8220;initial&#8220; background_position=&#8220;top_left&#8220; background_repeat=&#8220;repeat&#8220; text_orientation=&#8220;center&#8220; background_layout=&#8220;dark&#8220; module_alignment=&#8220;center&#8220; use_border_color=&#8220;off&#8220; border_color=&#8220;#ffffff&#8220; border_style=&#8220;solid&#8220; global_colors_info=&#8220;{}&#8220;]<\/p>\n<h1>News Archiv<\/h1>\n<p>[\/et_pb_text][\/et_pb_column][\/et_pb_row][\/et_pb_section][et_pb_section fb_built=&#8220;1&#8243; disabled_on=&#8220;on|on|on&#8220; _builder_version=&#8220;4.16&#8243; disabled=&#8220;on&#8220; global_colors_info=&#8220;{}&#8220;][et_pb_row _builder_version=&#8220;4.16&#8243; background_size=&#8220;initial&#8220; background_position=&#8220;top_left&#8220; background_repeat=&#8220;repeat&#8220; global_colors_info=&#8220;{}&#8220;][et_pb_column type=&#8220;4_4&#8243; _builder_version=&#8220;4.16&#8243; custom_padding=&#8220;|||&#8220; global_colors_info=&#8220;{}&#8220; custom_padding__hover=&#8220;|||&#8220;][et_pb_text admin_label=&#8220;Interview BZ&#8220; _builder_version=&#8220;4.21.0&#8243; z_index_tablet=&#8220;500&#8243; global_colors_info=&#8220;{}&#8220;]<\/p>\n<blockquote>\n<h5>4. Juni 2020: Was Eltern tun k\u00f6nnen, um ihre Kinder vor sexuellem Missbrauch zu sch\u00fctzen &#8211; ein Interview<\/h5>\n<\/blockquote>\n<p>Am 4. Juni war in der Badischen Zeitung ein Interview mit Wendepunkt-Gesch\u00e4ftsf\u00fchrer Nils Vogelsang zu lesen:<\/p>\n<p><a href=\"https:\/\/www.badische-zeitung.de\/was-eltern-tun-koennen-um-ihre-kinder-vor-sexuellem-missbrauch-zu-schuetzen\" target=\"_blank\" rel=\"noopener\">Was Eltern tun k\u00f6nnen, um ihre Kinder vor sexuellem Missbrauch zu sch\u00fctzen<\/a> (ver\u00f6ffentlicht am Do, 04. Juni 2020 um 17:50 Uhr auf badische-zeitung.de)<\/p>\n<p>[\/et_pb_text][\/et_pb_column][\/et_pb_row][\/et_pb_section][et_pb_section fb_built=&#8220;1&#8243; disabled_on=&#8220;on|on|on&#8220; _builder_version=&#8220;4.16&#8243; disabled=&#8220;on&#8220; global_colors_info=&#8220;{}&#8220;][et_pb_row _builder_version=&#8220;4.16&#8243; background_size=&#8220;initial&#8220; background_position=&#8220;top_left&#8220; background_repeat=&#8220;repeat&#8220; global_colors_info=&#8220;{}&#8220;][et_pb_column type=&#8220;4_4&#8243; _builder_version=&#8220;4.16&#8243; custom_padding=&#8220;|||&#8220; global_colors_info=&#8220;{}&#8220; custom_padding__hover=&#8220;|||&#8220;][et_pb_text admin_label=&#8220;Aktiv gegen Missbrauch&#8220; _builder_version=&#8220;4.21.0&#8243; z_index_tablet=&#8220;500&#8243; box_shadow_horizontal_tablet=&#8220;0px&#8220; box_shadow_vertical_tablet=&#8220;0px&#8220; box_shadow_blur_tablet=&#8220;40px&#8220; box_shadow_spread_tablet=&#8220;0px&#8220; global_colors_info=&#8220;{}&#8220;]<\/p>\n<blockquote>\n<h5>Spiel &amp; Spa\u00df f\u00fcr Kinder am Samstag, 5. Oktober 2019 um 15:00 Uhr auf dem Platz der alten Synagoge<\/h5>\n<\/blockquote>\n<p>Angeboten werden verschiedene Aktionen und Spiele f\u00fcr Kinder.<br \/>Wendepunkt ist neben anderen Fachberatungsstellen mit einem Info-Stand dabei.<br \/>Organisiert wird diese Aktion von der Freiburger Initiative &#8222;Aktiv gegen sexuellen Missbrauch an Kindern&#8220;<\/p>\n<p>Das Programm findet ihr unter <a href=\"http:\/\/www.aktiv-gegen-missbrauch.de\" target=\"_blank\" rel=\"noopener\">www.aktiv-gegen-missbrauch.de<\/a><\/p>\n<p>[\/et_pb_text][\/et_pb_column][\/et_pb_row][\/et_pb_section][et_pb_section fb_built=&#8220;1&#8243; disabled_on=&#8220;on|on|on&#8220; _builder_version=&#8220;4.16&#8243; disabled=&#8220;on&#8220; global_colors_info=&#8220;{}&#8220;][et_pb_row column_structure=&#8220;1_2,1_2&#8243; _builder_version=&#8220;4.16&#8243; background_size=&#8220;initial&#8220; background_position=&#8220;top_left&#8220; background_repeat=&#8220;repeat&#8220; global_colors_info=&#8220;{}&#8220;][et_pb_column type=&#8220;1_2&#8243; _builder_version=&#8220;4.16&#8243; custom_padding=&#8220;|||&#8220; global_colors_info=&#8220;{}&#8220; custom_padding__hover=&#8220;|||&#8220;][et_pb_text admin_label=&#8220;Internationaler Frauentag&#8220; _builder_version=&#8220;4.16&#8243; global_colors_info=&#8220;{}&#8220;]<\/p>\n<blockquote>\n<h5>Internationaler Frauentag am 8. M\u00e4rz auf dem Freiburger Rathausplatz<\/h5>\n<\/blockquote>\n<p>Beim Internationalen Frauentag am 8. M\u00e4rz (11:00 \u2013 15:00 Uhr) ist Wendepunkt mit einem Informationsstand auf dem Rathausplatz wieder dabei.<\/p>\n<p>&nbsp;<\/p>\n<p>[\/et_pb_text][\/et_pb_column][et_pb_column type=&#8220;1_2&#8243; _builder_version=&#8220;4.16&#8243; custom_padding=&#8220;|||&#8220; global_colors_info=&#8220;{}&#8220; custom_padding__hover=&#8220;|||&#8220;][et_pb_image src=&#8220;https:\/\/www.wendepunkt-freiburg.de\/content\/wp-content\/uploads\/2018\/03\/Weltfrauentag2018b.jpg&#8220; align_tablet=&#8220;center&#8220; align_phone=&#8220;&#8220; align_last_edited=&#8220;on|desktop&#8220; admin_label=&#8220;Bild Weltfrauentag&#8220; _builder_version=&#8220;4.16&#8243; always_center_on_mobile=&#8220;on&#8220; global_colors_info=&#8220;{}&#8220;][\/et_pb_image][et_pb_text _builder_version=&#8220;4.16&#8243; global_colors_info=&#8220;{}&#8220;]<\/p>\n<p>\nBild: privat<\/p>\n<p>[\/et_pb_text][\/et_pb_column][\/et_pb_row][\/et_pb_section][et_pb_section fb_built=&#8220;1&#8243; disabled_on=&#8220;on|on|on&#8220; _builder_version=&#8220;4.16&#8243; disabled=&#8220;on&#8220; global_colors_info=&#8220;{}&#8220;][et_pb_row _builder_version=&#8220;4.16&#8243; background_size=&#8220;initial&#8220; background_position=&#8220;top_left&#8220; background_repeat=&#8220;repeat&#8220; global_colors_info=&#8220;{}&#8220;][et_pb_column type=&#8220;4_4&#8243; _builder_version=&#8220;4.16&#8243; custom_padding=&#8220;|||&#8220; global_colors_info=&#8220;{}&#8220; custom_padding__hover=&#8220;|||&#8220;][et_pb_text admin_label=&#8220;Heimspiel online&#8220; _builder_version=&#8220;4.21.0&#8243; global_colors_info=&#8220;{}&#8220;]<\/p>\n<blockquote>\n<h5>20. Februar 2018: Das &#8222;Heimspiel&#8220;-Interview Onlineversion<\/h5>\n<\/blockquote>\n<p>Das &#8222;Heimspiel&#8220;-Interview mit Fritz Keller und Nils Vogelsang ist nun auch <a href=\"https:\/\/www.scfreiburg.com\/news\/60000-euro-fur-gesellschaftliches-engagement-der-region\" target=\"_blank\" rel=\"noopener\" title=\"zur Webseite des SC Freiburg\">online verf\u00fcgbar<\/a>\u00a0(externer Link zum SC Freiburg)[\/et_pb_text][\/et_pb_column][\/et_pb_row][\/et_pb_section][et_pb_section fb_built=&#8220;1&#8243; disabled_on=&#8220;on|on|on&#8220; _builder_version=&#8220;4.16&#8243; disabled=&#8220;on&#8220; global_colors_info=&#8220;{}&#8220;][et_pb_row _builder_version=&#8220;4.16&#8243; background_size=&#8220;initial&#8220; background_position=&#8220;top_left&#8220; background_repeat=&#8220;repeat&#8220; global_colors_info=&#8220;{}&#8220;][et_pb_column type=&#8220;4_4&#8243; _builder_version=&#8220;4.16&#8243; custom_padding=&#8220;|||&#8220; global_colors_info=&#8220;{}&#8220; custom_padding__hover=&#8220;|||&#8220;][et_pb_text admin_label=&#8220;Stadionmagazin %22heimspiel%22-Interview&#8220; _builder_version=&#8220;4.16&#8243; global_colors_info=&#8220;{}&#8220;]<\/p>\n<blockquote>\n<h5>16. Februar: Stadionmagazin &#8222;heimspiel&#8220; &#8211; ein Interview<\/h5>\n<\/blockquote>\n<p>Allen, die dem Sportclub morgen im Stadion die Daumen halten, w\u00fcnschen wir viel Spa\u00df! Und wir empfehlen einen Blick ins Stadionmagazin &#8222;heimspiel&#8220;. Darin: Ein Interview mit SC-Pr\u00e4sident Fritz Keller und Wendepunkt-Gesch\u00e4ftsf\u00fchrer Nils Vogelsang.<\/p>\n<p>[\/et_pb_text][\/et_pb_column][\/et_pb_row][\/et_pb_section][et_pb_section fb_built=&#8220;1&#8243; disabled_on=&#8220;on|on|on&#8220; _builder_version=&#8220;4.16&#8243; disabled=&#8220;on&#8220; global_colors_info=&#8220;{}&#8220;][et_pb_row _builder_version=&#8220;4.16&#8243; background_size=&#8220;initial&#8220; background_position=&#8220;top_left&#8220; background_repeat=&#8220;repeat&#8220; global_colors_info=&#8220;{}&#8220;][et_pb_column type=&#8220;4_4&#8243; _builder_version=&#8220;4.16&#8243; custom_padding=&#8220;|||&#8220; global_colors_info=&#8220;{}&#8220; custom_padding__hover=&#8220;|||&#8220;][et_pb_text admin_label=&#8220;Pr\u00e4ventionstage Gewerbeschulen&#8220; _builder_version=&#8220;4.21.0&#8243; global_colors_info=&#8220;{}&#8220;]<\/p>\n<blockquote>\n<h5>1. Februar 2018: Pr\u00e4ventionstage der Richard-Fehrenbach- und Walter-Rathenau-Gewerbeschule<\/h5>\n<\/blockquote>\n<p>Am Donnerstag gingen die ersten gemeinsamen Pr\u00e4ventionstage der Richard-Fehrenbach- und der Walter-Rathenau-Gewerbeschule zu Ende. Wir waren dabei und haben in Workshops und mit einem Infostand \u00fcber das Thema Sexueller Missbrauch und unsere Arbeit informiert.<\/p>\n<p><a href=\"http:\/\/www.badische-zeitung.de\/freiburg\/zurueckschlagen-ist-keine-notwehr--148889792.html\" target=\"_blank\" rel=\"noopener\">&#8222;Zur\u00fcckschlagen ist keine Notwehr&#8220;<\/a>, ver\u00f6ffentlicht in der Badischen Zeitung (Fr, 02. Februar 2018)<\/p>\n<p>[\/et_pb_text][\/et_pb_column][\/et_pb_row][\/et_pb_section][et_pb_section fb_built=&#8220;1&#8243; disabled_on=&#8220;on|on|on&#8220; _builder_version=&#8220;4.16&#8243; disabled=&#8220;on&#8220; global_colors_info=&#8220;{}&#8220;][et_pb_row _builder_version=&#8220;4.16&#8243; background_size=&#8220;initial&#8220; background_position=&#8220;top_left&#8220; background_repeat=&#8220;repeat&#8220; global_colors_info=&#8220;{}&#8220;][et_pb_column type=&#8220;4_4&#8243; _builder_version=&#8220;4.16&#8243; custom_padding=&#8220;|||&#8220; global_colors_info=&#8220;{}&#8220; custom_padding__hover=&#8220;|||&#8220;][et_pb_text admin_label=&#8220;Workshops im BZZ Stegen&#8220; _builder_version=&#8220;4.21.0&#8243; global_colors_info=&#8220;{}&#8220;]<\/p>\n<blockquote>\n<h5>18. Januar 2018: Pr\u00e4ventionsworkshops im BZZ Stegen<\/h5>\n<\/blockquote>\n<p>Seit Jahren haben wir eine gute Kooperation mit dem Bildungs- und Beratungszentrum f\u00fcr H\u00f6rgesch\u00e4digte BBZ Stegen. Letzten Donnerstag (18.01.) waren wir wieder dort und haben <a href=\"http:\/\/www.bbzstegen.de\/index.php?option=com_content&amp;view=article&amp;id=527&amp;Itemid=961\" target=\"_blank\" rel=\"noopener\">geschlechtsspezifische Pr\u00e4ventionsworkshops<\/a> in den 6. Schulklassen durchgef\u00fchrt. Eine Arbeit, die uns jedes Mal viel Freude macht!<\/p>\n<p>[\/et_pb_text][\/et_pb_column][\/et_pb_row][\/et_pb_section][et_pb_section fb_built=&#8220;1&#8243; disabled_on=&#8220;on|on|on&#8220; _builder_version=&#8220;4.16&#8243; disabled=&#8220;on&#8220; global_colors_info=&#8220;{}&#8220;][et_pb_row column_structure=&#8220;1_2,1_2&#8243; _builder_version=&#8220;4.16&#8243; background_size=&#8220;initial&#8220; background_position=&#8220;top_left&#8220; background_repeat=&#8220;repeat&#8220; global_colors_info=&#8220;{}&#8220;][et_pb_column type=&#8220;1_2&#8243; _builder_version=&#8220;4.16&#8243; custom_padding=&#8220;|||&#8220; global_colors_info=&#8220;{}&#8220; custom_padding__hover=&#8220;|||&#8220;][et_pb_text _builder_version=&#8220;4.21.0&#8243; module_alignment=&#8220;left&#8220; global_colors_info=&#8220;{}&#8220;]<\/p>\n<div class=\" et_pb_row et_pb_row_3\">\n<div class=\"et_pb_column et_pb_column_4_4 et_pb_column_3\">\n<div class=\"et_pb_text et_pb_module et_pb_bg_layout_light et_pb_text_align_left et_pb_text_3\">\n<div class=\"et_pb_text_inner\">\n<blockquote>\n<h5>Weihnachtsmarkt 2017<\/h5>\n<\/blockquote>\n<p>Wir waren dieses Jahr am 2.\/3.12. auf dem Freiburger Weihnachtsmarkt unter den Arkaden am Rathaus vertreten (Fotos: privat).<\/p>\n<\/div>\n<\/div>\n<\/div>\n<\/div>\n<p>[\/et_pb_text][\/et_pb_column][et_pb_column type=&#8220;1_2&#8243; _builder_version=&#8220;4.16&#8243; custom_padding=&#8220;|||&#8220; global_colors_info=&#8220;{}&#8220; custom_padding__hover=&#8220;|||&#8220;][et_pb_gallery gallery_ids=&#8220;30158,30156,30159&#8243; fullwidth=&#8220;on&#8220; admin_label=&#8220;Weihnachtsgalerie&#8220; _builder_version=&#8220;4.16&#8243; auto=&#8220;on&#8220; auto_speed=&#8220;5000&#8243; pagination_font_size_tablet=&#8220;51&#8243; pagination_line_height_tablet=&#8220;2&#8243; global_colors_info=&#8220;{}&#8220; db_image_max_width_tablet=&#8220;51&#8243; db_image_max_height_tablet=&#8220;501&#8243; db_image_row_spacing_tablet=&#8220;51&#8243;][\/et_pb_gallery][\/et_pb_column][\/et_pb_row][\/et_pb_section][et_pb_section fb_built=&#8220;1&#8243; disabled_on=&#8220;on|on|on&#8220; _builder_version=&#8220;4.16&#8243; disabled=&#8220;on&#8220; global_colors_info=&#8220;{}&#8220;][et_pb_row _builder_version=&#8220;4.16&#8243; background_size=&#8220;initial&#8220; background_position=&#8220;top_left&#8220; background_repeat=&#8220;repeat&#8220; global_colors_info=&#8220;{}&#8220;][et_pb_column type=&#8220;4_4&#8243; _builder_version=&#8220;4.16&#8243; custom_padding=&#8220;|||&#8220; global_colors_info=&#8220;{}&#8220; custom_padding__hover=&#8220;|||&#8220;][et_pb_text admin_label=&#8220;Informationsstand&#8220; _builder_version=&#8220;4.16&#8243; background_size=&#8220;initial&#8220; background_position=&#8220;top_left&#8220; background_repeat=&#8220;repeat&#8220; module_alignment=&#8220;left&#8220; use_border_color=&#8220;off&#8220; border_color=&#8220;#ffffff&#8220; border_style=&#8220;solid&#8220; global_colors_info=&#8220;{}&#8220;]<\/p>\n<blockquote>\n<h5>Wir waren da! &#8211; 6. Mai 2017: Informationsstand in Freiburg\/M\u00fcnsterstra\u00dfe<\/h5>\n<\/blockquote>\n<p>Am 6. Mai waren wir von 10 bis 14 Uhr bei bedecktem Himmel mit unserem Informationsstand in der M\u00fcnsterstra\u00dfe. Es gab Informationen zu unserer Arbeit, Luftballons und Postkarten zu unserer aktuellen Plakatkampagne &#8222;Keiner darf Dich anfassen, wenn Du es nicht willst&#8220;.<\/p>\n<p>[\/et_pb_text][\/et_pb_column][\/et_pb_row][et_pb_row column_structure=&#8220;1_3,2_3&#8243; _builder_version=&#8220;4.16&#8243; background_size=&#8220;initial&#8220; background_position=&#8220;top_left&#8220; background_repeat=&#8220;repeat&#8220; global_colors_info=&#8220;{}&#8220;][et_pb_column type=&#8220;1_3&#8243; _builder_version=&#8220;4.16&#8243; custom_padding=&#8220;|||&#8220; global_colors_info=&#8220;{}&#8220; custom_padding__hover=&#8220;|||&#8220;][et_pb_image src=&#8220;https:\/\/www.wendepunkt-freiburg.de\/content\/wp-content\/uploads\/2017\/04\/IMG-20170509-WA0002.jpg&#8220; show_in_lightbox=&#8220;on&#8220; align_tablet=&#8220;center&#8220; align_phone=&#8220;&#8220; align_last_edited=&#8220;on|desktop&#8220; _builder_version=&#8220;4.16&#8243; animation_style=&#8220;slide&#8220; animation_direction=&#8220;left&#8220; animation_duration=&#8220;500ms&#8220; animation_intensity_slide=&#8220;10%&#8220; use_border_color=&#8220;off&#8220; border_color=&#8220;#ffffff&#8220; border_style=&#8220;solid&#8220; animation=&#8220;left&#8220; sticky=&#8220;off&#8220; always_center_on_mobile=&#8220;on&#8220; global_colors_info=&#8220;{}&#8220;][\/et_pb_image][\/et_pb_column][et_pb_column type=&#8220;2_3&#8243; _builder_version=&#8220;4.16&#8243; custom_padding=&#8220;|||&#8220; global_colors_info=&#8220;{}&#8220; custom_padding__hover=&#8220;|||&#8220;][et_pb_image src=&#8220;https:\/\/www.wendepunkt-freiburg.de\/content\/wp-content\/uploads\/2017\/05\/bIMG-20170509-WA0005.jpg&#8220; align_tablet=&#8220;center&#8220; align_phone=&#8220;&#8220; align_last_edited=&#8220;on|desktop&#8220; _builder_version=&#8220;4.16&#8243; background_size=&#8220;initial&#8220; background_position=&#8220;top_left&#8220; background_repeat=&#8220;repeat&#8220; animation_style=&#8220;slide&#8220; animation_direction=&#8220;left&#8220; animation_duration=&#8220;500ms&#8220; animation_intensity_slide=&#8220;10%&#8220; use_border_color=&#8220;off&#8220; border_color=&#8220;#ffffff&#8220; border_style=&#8220;solid&#8220; animation=&#8220;left&#8220; sticky=&#8220;off&#8220; always_center_on_mobile=&#8220;on&#8220; global_colors_info=&#8220;{}&#8220;][\/et_pb_image][\/et_pb_column][\/et_pb_row][\/et_pb_section]<\/p>\n","protected":false},"excerpt":{"rendered":"<p>News Archiv 4. Juni 2020: Was Eltern tun k\u00f6nnen, um ihre Kinder vor sexuellem Missbrauch zu sch\u00fctzen &#8211; ein Interview Am 4. Juni war in der Badischen Zeitung ein Interview mit Wendepunkt-Gesch\u00e4ftsf\u00fchrer Nils Vogelsang zu lesen: Was Eltern tun k\u00f6nnen, um ihre Kinder vor sexuellem Missbrauch zu sch\u00fctzen (ver\u00f6ffentlicht am Do, 04. Juni 2020 um 17:50 Uhr auf badische-zeitung.de) Spiel &amp; Spa\u00df f\u00fcr Kinder am Samstag, 5. Oktober 2019 um 15:00 Uhr auf dem Platz der alten Synagoge Angeboten werden verschiedene Aktionen und Spiele f\u00fcr Kinder.Wendepunkt ist neben anderen Fachberatungsstellen mit einem Info-Stand dabei.Organisiert wird diese Aktion von der Freiburger Initiative &#8222;Aktiv gegen sexuellen Missbrauch an Kindern&#8220; Das Programm findet ihr unter www.aktiv-gegen-missbrauch.de Internationaler Frauentag am 8. M\u00e4rz auf dem Freiburger Rathausplatz Beim Internationalen Frauentag am 8. M\u00e4rz (11:00 \u2013 15:00 Uhr) ist Wendepunkt mit einem Informationsstand auf dem Rathausplatz wieder dabei. &nbsp; Bild: privat 20. Februar 2018: Das &#8222;Heimspiel&#8220;-Interview Onlineversion Das &#8222;Heimspiel&#8220;-Interview mit Fritz Keller und Nils Vogelsang ist nun auch online verf\u00fcgbar\u00a0(externer Link zum SC Freiburg) 16. Februar: Stadionmagazin &#8222;heimspiel&#8220; &#8211; ein Interview Allen, die dem Sportclub morgen im Stadion die Daumen halten, w\u00fcnschen wir viel Spa\u00df! Und wir empfehlen einen Blick ins Stadionmagazin &#8222;heimspiel&#8220;. Darin: Ein Interview [&hellip;]<\/p>\n","protected":false},"author":1,"featured_media":0,"parent":28792,"menu_order":0,"comment_status":"closed","ping_status":"open","template":"","meta":{"_et_pb_use_builder":"on","_et_pb_old_content":"<p>Dies ist eine Beispiel-Seite. Sie unterscheidet sich von Beitr\u00e4gen, da sie stets an der selben Stelle bleibt und (bei den meisten Themes) in der Navigation angezeigt wird. Die meisten Leute starten mit einem Impressum oder einer \u201e\u00dcber uns\u201c-Seite mit einer Vorstellung f\u00fcr m\u00f6gliche Besucher der Website. Dort k\u00f6nnte zum Beispiel stehen:<\/p><blockquote><p>Hallo! Tags\u00fcber arbeite ich als Fahrradkurier, nachts bin ich ein aufstrebender Schauspieler und dies hier ist meine Website. Ich lebe in Berlin, habe einen gro\u00dfen Hund namens Jack, mag die Fantastischen Vier und ein k\u00fchles Bier.<\/p><\/blockquote><p>...oder sowas wie:<\/p><blockquote><p>Unsere Firma XYZ wurde 1971 gegr\u00fcndet und hat seither eine Menge hochqualitativen ABC f\u00fcr die \u00d6ffentlichkeit produziert. Ans\u00e4ssig in Gotham City, hat XYZ mittlerweile \u00fcber 2,000 Mitarbeiter und entwickelt immer wieder gro\u00dfartige Dinge f\u00fcr die ganze Gotham Gemeinschaft.<\/p><\/blockquote><p>Als neuer WordPress-Nutzer solltest du das <a href=\"https:\/\/www.wendepunkt-freiburg.de\/content\/wp-admin\/\">Dashboard<\/a> aufrufen, um diese Seite zu l\u00f6schen und statt dessen eine neue Seite mit deinen eigenen Inhalten erstellen. Viel Spa\u00df!<\/p>","_et_gb_content_width":"","footnotes":""},"class_list":["post-2","page","type-page","status-publish","hentry"],"_links":{"self":[{"href":"https:\/\/www.wendepunkt-freiburg.de\/content\/wp-json\/wp\/v2\/pages\/2","targetHints":{"allow":["GET"]}}],"collection":[{"href":"https:\/\/www.wendepunkt-freiburg.de\/content\/wp-json\/wp\/v2\/pages"}],"about":[{"href":"https:\/\/www.wendepunkt-freiburg.de\/content\/wp-json\/wp\/v2\/types\/page"}],"author":[{"embeddable":true,"href":"https:\/\/www.wendepunkt-freiburg.de\/content\/wp-json\/wp\/v2\/users\/1"}],"replies":[{"embeddable":true,"href":"https:\/\/www.wendepunkt-freiburg.de\/content\/wp-json\/wp\/v2\/comments?post=2"}],"version-history":[{"count":1,"href":"https:\/\/www.wendepunkt-freiburg.de\/content\/wp-json\/wp\/v2\/pages\/2\/revisions"}],"predecessor-version":[{"id":32500,"href":"https:\/\/www.wendepunkt-freiburg.de\/content\/wp-json\/wp\/v2\/pages\/2\/revisions\/32500"}],"up":[{"embeddable":true,"href":"https:\/\/www.wendepunkt-freiburg.de\/content\/wp-json\/wp\/v2\/pages\/28792"}],"wp:attachment":[{"href":"https:\/\/www.wendepunkt-freiburg.de\/content\/wp-json\/wp\/v2\/media?parent=2"}],"curies":[{"name":"wp","href":"https:\/\/api.w.org\/{rel}","templated":true}]}}